 -514. Calculate the remainder when t is divided by 21.
0
Let n = 6 + -1. Let m(j) = -11*j - 7. Let s(x) = 21*x + 14. Let w(d) = n*m(d) + 2*s(d). Calculate the remainder when 35 is divided by w(-2).
16
Let f(q) be the second derivative of q**3/6 + q**2 - 2*q. Let l be f(4). Suppose 3*d - l*d = -18. What is the remainder when 11 is divided by d?
5
Let v be 69/92 - (-79)/(-4). Let t = -4 - v. Calculate the remainder when 29 is divided by t.
14
Suppose -j + 163 = 5*p, 0 = -0*p - 3*p + 3*j + 105. What is the remainder when 69 is divided by p?
3
Let k = -388 - -444. What is the remainder when 161 is divided by k?
49
Calculate the remainder when 151 is divided by (-84)/(-462) + (-568)/(-22).
21
Suppose -20 = -5*i, 4*i - 210 = -8*b + 6*b. What is the remainder when b is divided by 9?
7
Let m = 1454 + -1448. Calculate the remainder when 58 is divided by m.
4
Calculate the remainder when (0 + -17 - -166) + 3 + 1 is divided by 13.
10
Suppose -10*u = -7*u - 390. Calculate the remainder when u is divided by 22.
20
What is the remainder when 53 is divided by -8 + -1 + -5 + 25?
9
Suppose 10*j - 7*j - 21 = 0. Calculate the remainder when 23 - (j - (0 - -3)) is divided by 9.
1
Let y(p) = p**2 - 3*p + 30. Calculate the remainder when y(7) is divided by 44.
14
Suppose 166*v - 1449 = 145*v. Let w(j) = -6*j - 3. What is the remainder when v is divided by w(-2)?
6
What is the remainder when ((-255)/(-35))/((-2)/(-98)) is divided by 11?
5
Suppose -100*t + 99*t - 3*x = -29, 2*t + 2*x = 38. Calculate the remainder when 81 is divided by t.
11
Suppose -3*d - 3*c = 0, -3*c - 14 = -5*d + 26. Suppose -a - 46 = -d*k, 4*k = -a + 29 + 6. What is the remainder when k is divided by 6?
3
Suppose p - 1 = 0, 5*n + p - 18 = -2*p. Suppose -3*u - 24 = -4*l, -l + 3*u - n + 9 = 0. What is the remainder when 20 is divided by l?
2
Suppose 112 = p - 28. What is the remainder when p is divided by 24?
20
Suppose j - 6 = 29. Let v = j - 27. Calculate the remainder when 29 is divided by v.
5
What is the remainder when 257 + (12 + -6)*2/4 is divided by 66?
62
Let r(s) = s**3 + 12*s**2 - 12*s - 5. Suppose 3*c + 62 = -5*x, 5*c - 5 = x + 13. Let o be r(x). What is the remainder when 87 is divided by (-4)/o - (-588)/27?
21
Let o(v) = 2*v**2 + 4*v + 2. Let l(p) = p**3 + 7*p**2 - 2*p**3 + 2 - 10 + 20*p. What is the remainder when o(-4) is divided by l(9)?
8
Suppose -5*v = -4*o + 2*o - 7, 0 = 3*o - v + 17. Suppose -2*k = 21*k - 1449. Calculate the remainder when k is divided by ((-26)/(-3))/((-4)/o).
11
Suppose 15*n = 242 + 343. Let h = 36 + -21. What is the remainder when n is divided by h?
9
Suppose 41 = 2*q - 3*v, 8*v = 3*q + 3*v - 60. Calculate the remainder when -2*966/(-20) - (-105)/(-175) is divided by q.
21
Let z = 62 + -53. Suppose -4 = -k + z. What is the remainder when 35 is divided by k?
9
Let o(a) = 3*a**2 - 8*a + 17. What is the remainder when 181 is divided by o(2)?
12
Suppose 60 = r + 2*q - 0, 5*q + 285 = 5*r. Let c = -409 + 371. Let x = c + r. What is the remainder when 98 is divided by x?
18
Let s(z) = z**2 + 8*z + 26. Calculate the remainder when 54 is divided by s(-7).
16
Let o = 120 + -77. Let g be 30 - (-1)/((-3)/6). Let k = o - g. Calculate the remainder when 42 is divided by k.
12
Let z(m) = m**2 + m. Let j be z(2). Suppose -5*v = -j*v - 19. Let y = v + 70. What is the remainder when y is divided by 13?
12
Suppose 15*k - 6 = 12*k. Suppose -5 = 3*f - k. Calculate the remainder when 14 is divided by f + 7 - -3 - 1.
6
What is the remainder when 5 + 4065/25 - (-24)/(-40) is divided by 28?
27
Let k(j) = -2*j**3 + 14*j**2 - 16*j - 2. Calculate the remainder when 89 is divided by k(5).
17
Let s be (-2 - 1)/((-3)/33). Let w = 104 - s. Suppose 11*c - 17*c = -144. What is the remainder when w is divided by c?
23
Let v = -126 - -176. Suppose -13*h = -8*h - v. What is the remainder when 106 is divided by h?
6
Let i(r) = 3*r - 2 + 20*r**2 + 7*r**2 - 4*r - 11*r**2. Calculate the remainder when 29 is divided by i(-1).
14
Let o be 226/8 - (-2)/(-8). Let q = o + -15. Suppose 2*j = 4*s - 136, 2*s - 4*s + 56 = -4*j. What is the remainder when s is divided by q?
10
Suppose 4*y - 1 - 7 = -3*h, -7 = -2*h - 3*y. Suppose 0*w + 8 = 2*w. Calculate the remainder when (-2)/(h/28 + 0) is divided by w.
2
What is the remainder when ((-3)/(-3))/((-8)/(-344)) is divided by 9?
7
Let b be (-60)/105*(-14)/(-4). Let d(y) = -8*y. What is the remainder when 43 is divided by d(b)?
11
Let b(f) = 6*f**2 - 4*f + 2. Let k be b(2). What is the remainder when 5 + 0 - (2 + 0) is divided by (1/2)/(9/k)?
0
Suppose 0 = 5*g + 41 + 39. Let q = 12 - g. What is the remainder when q is divided by 10?
8
Suppose -9*s = -91 - 26. Calculate the remainder when 26 is divided by s.
0
Let p be (-6)/5*(-6 - -1). Suppose v + 7 = 10. What is the remainder when p/15 - (-23)/5 is divided by v?
2
Let d(x) = -x**2 - 26*x + 12. Let f be ((-56)/(-2))/(-2) - (4 - 8). Calculate the remainder when d(f) is divided by 25.
22
Suppose 0 = -j - 0*j - 37. Let s = j + 26. What is the remainder when 33 is divided by (20 + s)*8/6?
9
Calculate the remainder when -1 - (-8 - 0/2) is divided by (-78)/78 - (-6 + 0/2).
2
What is the remainder when 50 is divided by 15/(360/(-256))*(-3)/4?
2
Let p = 202 - 109. What is the remainder when p is divided by ((-2)/4)/(1/(-48))?
21
Let f(s) = 3*s**3 + 13*s**2 - 20*s - 7. Let y(a) = 2*a**3 + 12*a**2 - 19*a - 6. Let r(h) = 3*f(h) - 4*y(h). Calculate the remainder when 30 is divided by r(7).
13
Suppose 0 = -0*o + 4*o - 32. Suppose -2*k = -5*i + 183, -39*i + 58 = -37*i + 3*k. Calculate the remainder when i is divided by o.
3
Calculate the remainder when 308 is divided by 78/((9/(-24))/((-2)/8)).
48
Suppose 0 = 5*b - 48 + 8. Let a(k) = 15*k**3 - k**2 + 1. Let s be a(-1). Let v = s - -37. Calculate the remainder when v is divided by b.
6
Let t be 438/8 + -1 - (-3)/12. Suppose 2*s + 51 = 5*a, 0 = -4*a - 5*s + t - 0. Calculate the remainder when 63 is divided by a.
8
Let c = -8 - -11. Let q(z) = 22 - z + 5*z - c*z. Calculate the remainder when q(-11) is divided by 4.
3
Let o(w) = -9*w - 22. Let u be o(-10). Suppose -8*g = -12*g - u. Let c = -1 - g. What is the remainder when 61 is divided by c?
13
Suppose -19 + 1 = -g. What is the remainder when g is divided by (-4)/26 + (-1452)/(-143)?
8
Suppose -210 = -123*y + 117*y. Calculate the remainder when 101 is divided by y.
31
Let i = 73 - 75. Calculate the remainder when (18 + -89)*i/2 is divided by 24.
23
Suppose 20*o - 17*o = 5*w + 198, 0 = o - w - 68. What is the remainder when o is divided by 41?
30
Let r(n) = n**3 + 10*n**2 - 4*n + 1. Let z(v) = v**3 + 9*v**2 - 4*v. Let l(h) = -3*r(h) + 4*z(h). What is the remainder when 39 is divided by l(-6)?
18
Suppose -2*a = -4*a + 4*y + 336, 4*a = y + 700. What is the remainder when a is divided by 36?
32
Let i(x) = -x - 17. Let v(c) = -1. Let n(o) = -i(o) + v(o). Suppose u - 85 = -0*u. What is the remainder when u is divided by n(6)?
19
Let b = 35 - 30. What is the remainder when 58 is divided by 174/15 + 2/b?
10
Let a(s) = -4*s + 130. What is the remainder when a(-30) is divided by 64?
58
Suppose -124 = -7*o - 26. Let z = 51 - 28. Suppose 0 = -s + 17 + z. Calculate the remainder when s is divided by o.
12
Let r(x) = -x + 4. Let b be r(-14). Suppose -21*f = -24*f + b. Calculate the remainder when 18 is divided by f.
0
Suppose 2*i = 1 + 7. Suppose 27 = 5*o + r - 43, 2*o = -r + 25. Calculate the remainder when o is divided by i.
3
Let d = -368 - -560. Calculate the remainder when d is divided by 26.
10
Suppose -4*h + 6*h = -100. Let s = h + 70. Suppose -15*k + 91 + 74 = 0. Calculate the remainder when s is divided by k.
9
Suppose 3*j - 5*j = -54. Let v = -8 + j. Let d = 45 - v. What is the remainder when d is divided by 14?
12
What is the remainder when 101 - 1 - 10/(-10) is divided by 29?
14
Let s be (-1)/(0 + 4/(-12)). Suppose 5*w - 2 = s*w. Let l(g) = 22*g**2 - 2*g + 1. What is the remainder when 40 is divided by l(w)?
19
Suppose -4*s + 3*w + 100 = 5*w, -8 = 2*w. Let k = s - 10. What is the remainder when 65 is divided by k?
14
Suppose 6*q + 3*f = 11*q - 2581, -3*q - 2*f = -1560. Calculate the remainder when q is divided by 52.
50
Let v(q) = -q + 6. Let y = 30 + -30. Calculate the remainder when 15 is divided by v(y).
3
Let b be 0*2/(-